{"id":1017,"date":"2024-03-12T14:11:46","date_gmt":"2024-03-12T14:11:46","guid":{"rendered":"https:\/\/klimawelt.webmind.de\/cms\/?page_id=1017"},"modified":"2024-04-03T17:06:52","modified_gmt":"2024-04-03T17:06:52","slug":"app","status":"publish","type":"page","link":"https:\/\/klimawelt.webmind.de\/cms\/app\/","title":{"rendered":"App"},"content":{"rendered":"<section class=\"l-section wpb_row height_medium color_primary\"><div class=\"l-section-h i-cf\"><div class=\"g-cols vc_row via_flex valign_middle type_default stacking_default\"><div class=\"vc_col-sm-8 wpb_column vc_column_container\"><div class=\"vc_column-inner\"><div class=\"wpb_wrapper\"><div class=\"w-image align_none\"><div class=\"w-image-h\"><img decoding=\"async\" width=\"800\" height=\"815\" src=\"https:\/\/klimawelt.webmind.de\/cms\/wp-content\/uploads\/smartphone.png\" class=\"attachment-large size-large\" alt=\"\" loading=\"lazy\" srcset=\"https:\/\/klimawelt.webmind.de\/cms\/wp-content\/uploads\/smartphone.png 800w, https:\/\/klimawelt.webmind.de\/cms\/wp-content\/uploads\/smartphone-294x300.png 294w\" sizes=\"auto, (max-width: 800px) 100vw, 800px\" \/><\/div><\/div><\/div><\/div><\/div><div class=\"vc_col-sm-4 wpb_column vc_column_container\"><div class=\"vc_column-inner\"><div class=\"wpb_wrapper\"><div class=\"wpb_text_column\"><div class=\"wpb_wrapper\"><h1>Klimaschutz ist eine smarte Sache<\/h1>\n<\/div><\/div><div class=\"w-separator size_medium\"><\/div><div class=\"w-image align_left\"><a target=\"_blank\" href=\"https:\/\/play.google.com\/store\/apps\/details?id=de.sirconic.climatewe&amp;hl=de\" aria-label=\"google-play-badge\" class=\"w-image-h\"><img decoding=\"async\" width=\"300\" height=\"89\" src=\"https:\/\/klimawelt.webmind.de\/cms\/wp-content\/uploads\/google-play-badge-1-300x89.png\" class=\"attachment-medium size-medium\" alt=\"\" loading=\"lazy\" srcset=\"https:\/\/klimawelt.webmind.de\/cms\/wp-content\/uploads\/google-play-badge-1-300x89.png 300w, https:\/\/klimawelt.webmind.de\/cms\/wp-content\/uploads\/google-play-badge-1.png 564w\" sizes=\"auto, (max-width: 300px) 100vw, 300px\" \/><\/a><\/div><div class=\"w-separator size_small\"><\/div><div class=\"w-image align_left\"><a target=\"_blank\" href=\"https:\/\/apps.apple.com\/de\/app\/climatewe\/id1591193731\" aria-label=\"apple\" class=\"w-image-h\"><img decoding=\"async\" width=\"300\" height=\"89\" src=\"https:\/\/klimawelt.webmind.de\/cms\/wp-content\/uploads\/apple-1-300x89.png\" class=\"attachment-medium size-medium\" alt=\"\" loading=\"lazy\" srcset=\"https:\/\/klimawelt.webmind.de\/cms\/wp-content\/uploads\/apple-1-300x89.png 300w, https:\/\/klimawelt.webmind.de\/cms\/wp-content\/uploads\/apple-1.png 564w\" sizes=\"auto, (max-width: 300px) 100vw, 300px\" \/><\/a><\/div><\/div><\/div><\/div><\/div><\/div><\/section><section class=\"l-section wpb_row height_medium\"><div class=\"l-section-h i-cf\"><div class=\"g-cols vc_row via_flex valign_top type_default stacking_default\"><div class=\"vc_col-sm-12 wpb_column vc_column_container\"><div class=\"vc_column-inner\"><div class=\"wpb_wrapper\"><div id=\"ult-carousel-32009365869f5527445809\" class=\"ult-carousel-wrapper   ult_horizontal\" data-gutter=\"15\" data-rtl=\"false\" ><div class=\"ult-carousel-337741452069f5527445766 \" ><div class=\"ult-item-wrap\" data-animation=\"animated no-animation\"><div class=\"g-cols wpb_row via_flex valign_top type_default stacking_default\"><div class=\"ult-item-wrap\" data-animation=\"animated no-animation\"><div class=\"vc_col-sm-6 wpb_column vc_column_container\"><div class=\"vc_column-inner\"><div class=\"wpb_wrapper\"><div class=\"ult-item-wrap\" data-animation=\"animated no-animation\"><div class=\"w-image align_none\"><div class=\"w-image-h\"><img decoding=\"async\" width=\"800\" height=\"898\" src=\"https:\/\/klimawelt.webmind.de\/cms\/wp-content\/uploads\/screen_4.jpg\" class=\"attachment-large size-large\" alt=\"\" loading=\"lazy\" srcset=\"https:\/\/klimawelt.webmind.de\/cms\/wp-content\/uploads\/screen_4.jpg 800w, https:\/\/klimawelt.webmind.de\/cms\/wp-content\/uploads\/screen_4-267x300.jpg 267w\" sizes=\"auto, (max-width: 800px) 100vw, 800px\" \/><\/div><\/div><\/div><\/div><\/div><\/div><\/div><div class=\"ult-item-wrap\" data-animation=\"animated no-animation\"><div class=\"vc_col-sm-6 wpb_column vc_column_container\"><div class=\"vc_column-inner\"><div class=\"wpb_wrapper\"><div class=\"ult-item-wrap\" data-animation=\"animated no-animation\"><div class=\"wpb_text_column\"><div class=\"wpb_wrapper\"><h3>Dein cleverer CO\u2082-Rechner<\/h3>\n<p>In nur 2 Minuten erh\u00e4ltst du mittels der Schnellbilanz der App &#8222;KlimaWelt&#8220; eine erste Einsch\u00e4tzung deiner j\u00e4hrlichen CO\u2082-Emissionen.<\/p>\n<p>Infografiken veranschaulichen dein Ergebnis auch im Vergleich zum Durchschnitt in Deutschland.<\/p>\n<\/div><\/div><\/div><\/div><\/div><\/div><\/div><\/div><\/div><div class=\"ult-item-wrap\" data-animation=\"animated no-animation\"><div class=\"g-cols wpb_row via_flex valign_top type_default stacking_default\"><div class=\"ult-item-wrap\" data-animation=\"animated no-animation\"><div class=\"vc_col-sm-6 wpb_column vc_column_container\"><div class=\"vc_column-inner\"><div class=\"wpb_wrapper\"><div class=\"ult-item-wrap\" data-animation=\"animated no-animation\"><div class=\"w-image align_none\"><div class=\"w-image-h\"><img decoding=\"async\" width=\"800\" height=\"898\" src=\"https:\/\/klimawelt.webmind.de\/cms\/wp-content\/uploads\/screen_2.jpg\" class=\"attachment-large size-large\" alt=\"\" loading=\"lazy\" srcset=\"https:\/\/klimawelt.webmind.de\/cms\/wp-content\/uploads\/screen_2.jpg 800w, https:\/\/klimawelt.webmind.de\/cms\/wp-content\/uploads\/screen_2-267x300.jpg 267w\" sizes=\"auto, (max-width: 800px) 100vw, 800px\" \/><\/div><\/div><\/div><\/div><\/div><\/div><\/div><div class=\"ult-item-wrap\" data-animation=\"animated no-animation\"><div class=\"vc_col-sm-6 wpb_column vc_column_container\"><div class=\"vc_column-inner\"><div class=\"wpb_wrapper\"><div class=\"ult-item-wrap\" data-animation=\"animated no-animation\"><div class=\"wpb_text_column\"><div class=\"wpb_wrapper\"><h3>Detailbilanz f\u00fcr tiefere Einblicke<\/h3>\n<p>Mit ein paar weiteren Fragen bekommst du in der Detailbilanz eine noch individuellere Ermittlung deiner CO2-Emissionen.<\/p>\n<p>Im Sinne der Transparenz gibt dir die App &#8222;KlimaWelt&#8220; zu allen Fragen die Information, welche Rolle sie bei der Berechnung spielen.<\/p>\n<\/div><\/div><\/div><\/div><\/div><\/div><\/div><\/div><\/div><div class=\"ult-item-wrap\" data-animation=\"animated no-animation\"><div class=\"g-cols wpb_row via_flex valign_top type_default stacking_default\"><div class=\"ult-item-wrap\" data-animation=\"animated no-animation\"><div class=\"vc_col-sm-6 wpb_column vc_column_container\"><div class=\"vc_column-inner\"><div class=\"wpb_wrapper\"><div class=\"ult-item-wrap\" data-animation=\"animated no-animation\"><div class=\"w-image align_none\"><div class=\"w-image-h\"><img decoding=\"async\" width=\"800\" height=\"898\" src=\"https:\/\/klimawelt.webmind.de\/cms\/wp-content\/uploads\/screen_1.jpg\" class=\"attachment-large size-large\" alt=\"\" loading=\"lazy\" srcset=\"https:\/\/klimawelt.webmind.de\/cms\/wp-content\/uploads\/screen_1.jpg 800w, https:\/\/klimawelt.webmind.de\/cms\/wp-content\/uploads\/screen_1-267x300.jpg 267w\" sizes=\"auto, (max-width: 800px) 100vw, 800px\" \/><\/div><\/div><\/div><\/div><\/div><\/div><\/div><div class=\"ult-item-wrap\" data-animation=\"animated no-animation\"><div class=\"vc_col-sm-6 wpb_column vc_column_container\"><div class=\"vc_column-inner\"><div class=\"wpb_wrapper\"><div class=\"ult-item-wrap\" data-animation=\"animated no-animation\"><div class=\"wpb_text_column\"><div class=\"wpb_wrapper\"><h3>Produktdatenbank<\/h3>\n<p>Die App &#8222;KlimaWelt&#8220; bietet Orientierungsdaten, welche CO\u2082-Emissionen hinter den verschiedensten Produkten und Dienstleistungen stecken. Alle Lebensbereiche sind dabei enthalten: Mobilit\u00e4t, Wohnen, Ern\u00e4hrung, Kleidung und K\u00f6rperpflege sowie das Freizeitverhalten. Neben den Orientierungsdaten liegen f\u00fcr einen Teil der Produktkategorien (u. a. Milch, Fleisch) bereits detailliertere Werte vor.<\/p>\n<p>So kannst du direkt sehen, wie deine Eink\u00e4ufe die CO\u2082-Emissionen wirklich beeinflussen oder welche Alternativ-Produkte deine CO\u2082-Emissionen verbessern k\u00f6nnen.<\/p>\n<\/div><\/div><\/div><\/div><\/div><\/div><\/div><\/div><\/div><\/div><\/div>\t\t\t<script type=\"text\/javascript\">\n\t\t\t\tjQuery(document).ready(function ($) {\n\t\t\t\t\tif( typeof jQuery('.ult-carousel-337741452069f5527445766').slick == \"function\"){\n\t\t\t\t\t\t$('.ult-carousel-337741452069f5527445766').slick({dots: true,autoplay: true,autoplaySpeed: \"5000\",speed: \"300\",infinite: true,arrows: false,slidesToScroll:1,slidesToShow:1,swipe: true,draggable: true,touchMove: true,pauseOnHover: true,pauseOnFocus: false,responsive: [\n\t\t\t\t\t\t\t{\n\t\t\t\t\t\t\t  breakpoint: 1026,\n\t\t\t\t\t\t\t  settings: {\n\t\t\t\t\t\t\t\tslidesToShow: 1,\n\t\t\t\t\t\t\t\tslidesToScroll: 1,  \n\t\t\t\t\t\t\t  }\n\t\t\t\t\t\t\t},\n\t\t\t\t\t\t\t{\n\t\t\t\t\t\t\t  breakpoint: 1025,\n\t\t\t\t\t\t\t  settings: {\n\t\t\t\t\t\t\t\tslidesToShow: 1,\n\t\t\t\t\t\t\t\tslidesToScroll: 1\n\t\t\t\t\t\t\t  }\n\t\t\t\t\t\t\t},\n\t\t\t\t\t\t\t{\n\t\t\t\t\t\t\t  breakpoint: 760,\n\t\t\t\t\t\t\t  settings: {\n\t\t\t\t\t\t\t\tslidesToShow: 1,\n\t\t\t\t\t\t\t\tslidesToScroll: 1\n\t\t\t\t\t\t\t  }\n\t\t\t\t\t\t\t}\n\t\t\t\t\t\t],pauseOnDotsHover: true,customPaging: function(slider, i) {\n                   return '<i type=\"button\" style= \"color:#333333;\" class=\"ultsl-radio-checked\" data-role=\"none\"><\/i>';\n                },});\n\t\t\t\t\t}\n\t\t\t\t});\n\t\t\t<\/script>\n\t\t\t<\/div><\/div><\/div><\/div><\/div><\/section><section class=\"l-section wpb_row height_medium\"><div class=\"l-section-h i-cf\"><div class=\"g-cols vc_row via_flex valign_top type_default stacking_default\"><div class=\"vc_col-sm-6 wpb_column vc_column_container\"><div class=\"vc_column-inner\"><div class=\"wpb_wrapper\"><div class=\"wpb_text_column\"><div class=\"wpb_wrapper\"><h3>UNSER ZIEL<\/h3>\n<p>Konsumverhalten bewusst machen, M\u00f6glichkeiten zur Reduzierung von CO2-Emissionen aufzeigen und dabei Lebensqualit\u00e4t erhalten. Mit dem Projekt soll wirkungsvoll mehr Klimaschutz erreicht werden.<\/p>\n<p>KlimaWelt ist frei von kommerziellem Interesse und immer kostenfrei nutzbar. Um unsere Unabh\u00e4ngigkeit zu gew\u00e4hrleisten, finanzieren wir uns \u00fcber Crowdfunding.<\/p>\n<p>Im Unterschied zu anderen CO2-Rechnern wird bei KlimaWelt gr\u00f6\u00dftm\u00f6gliche Transparenz bei den Datengrundlagen sowie Berechnungsmethoden sichergestellt.<\/p>\n<\/div><\/div><div class=\"w-separator size_medium\"><\/div><\/div><\/div><\/div><div class=\"vc_col-sm-6 wpb_column vc_column_container\"><div class=\"vc_column-inner\"><div class=\"wpb_wrapper\"><div class=\"w-image align_none\"><div class=\"w-image-h\"><img decoding=\"async\" width=\"800\" height=\"790\" src=\"https:\/\/klimawelt.webmind.de\/cms\/wp-content\/uploads\/freizeit.png\" class=\"attachment-large size-large\" alt=\"\" loading=\"lazy\" srcset=\"https:\/\/klimawelt.webmind.de\/cms\/wp-content\/uploads\/freizeit.png 800w, https:\/\/klimawelt.webmind.de\/cms\/wp-content\/uploads\/freizeit-300x296.png 300w\" sizes=\"auto, (max-width: 800px) 100vw, 800px\" \/><\/div><\/div><\/div><\/div><\/div><\/div><\/div><\/section>\n","protected":false},"excerpt":{"rendered":"Klimaschutz ist eine smarte Sache Dein cleverer CO\u2082-Rechner In nur 2 Minuten erh\u00e4ltst du mittels der Schnellbilanz der App &#8222;KlimaWelt&#8220; eine erste Einsch\u00e4tzung deiner j\u00e4hrlichen CO\u2082-Emissionen. Infografiken veranschaulichen dein Ergebnis auch im Vergleich zum Durchschnitt in Deutschland. Detailbilanz f\u00fcr tiefere Einblicke Mit ein paar weiteren Fragen bekommst du in der Detailbilanz eine noch individuellere Ermittlung...","protected":false},"author":3,"featured_media":0,"parent":0,"menu_order":0,"comment_status":"closed","ping_status":"closed","template":"","meta":{"_acf_changed":false,"footnotes":""},"class_list":["post-1017","page","type-page","status-publish","hentry"],"acf":[],"_links":{"self":[{"href":"https:\/\/klimawelt.webmind.de\/cms\/wp-json\/wp\/v2\/pages\/1017","targetHints":{"allow":["GET"]}}],"collection":[{"href":"https:\/\/klimawelt.webmind.de\/cms\/wp-json\/wp\/v2\/pages"}],"about":[{"href":"https:\/\/klimawelt.webmind.de\/cms\/wp-json\/wp\/v2\/types\/page"}],"author":[{"embeddable":true,"href":"https:\/\/klimawelt.webmind.de\/cms\/wp-json\/wp\/v2\/users\/3"}],"replies":[{"embeddable":true,"href":"https:\/\/klimawelt.webmind.de\/cms\/wp-json\/wp\/v2\/comments?post=1017"}],"version-history":[{"count":16,"href":"https:\/\/klimawelt.webmind.de\/cms\/wp-json\/wp\/v2\/pages\/1017\/revisions"}],"predecessor-version":[{"id":1165,"href":"https:\/\/klimawelt.webmind.de\/cms\/wp-json\/wp\/v2\/pages\/1017\/revisions\/1165"}],"wp:attachment":[{"href":"https:\/\/klimawelt.webmind.de\/cms\/wp-json\/wp\/v2\/media?parent=1017"}],"curies":[{"name":"wp","href":"https:\/\/api.w.org\/{rel}","templated":true}]}}