{"id":33,"date":"2020-07-16T13:55:21","date_gmt":"2020-07-16T13:55:21","guid":{"rendered":"http:\/\/impreza21.us-themes.com\/?page_id=33"},"modified":"2024-02-27T14:37:07","modified_gmt":"2024-02-27T14:37:07","slug":"aktuelles","status":"publish","type":"page","link":"https:\/\/klimawelt.webmind.de\/cms\/aktuelles\/","title":{"rendered":"Aktuelles"},"content":{"rendered":"<section class=\"l-section wpb_row height_medium color_primary with_video\"><div id=\"us_bg_video_fcd1\" class=\"l-section-video\"><script>!function(w){var node = document.getElementById( 'us_bg_video_fcd1' );if ( w.innerWidth <= 600 ) { node.remove() }}(window);<\/script><style>@media(max-width:600px){#us_bg_video_fcd1{display:none!important}}<\/style><video  autoplay loop muted playsinline preload=\"auto\"><source type=\"video\/mp4\" src=\"https:\/\/klimawelt.webmind.de\/cms\/wp-content\/uploads\/2024\/02\/river3.mp4\" \/><\/video><\/div><div class=\"l-section-h i-cf\"><div class=\"g-cols vc_row via_flex valign_top type_default stacking_default\"><div class=\"vc_col-sm-12 wpb_column vc_column_container\"><div class=\"vc_column-inner\"><div class=\"wpb_wrapper\"><div class=\"wpb_text_column\"><div class=\"wpb_wrapper\"><h1 style=\"text-align: center;\">Aktuelles &amp; Termine<\/h1>\n<\/div><\/div><\/div><\/div><\/div><\/div><\/div><\/section><section class=\"l-section wpb_row height_medium\"><div class=\"l-section-h i-cf\"><div class=\"g-cols vc_row via_flex valign_top type_default stacking_default\"><div class=\"vc_col-sm-12 wpb_column vc_column_container\"><div class=\"vc_column-inner\"><div class=\"wpb_wrapper\"><div class=\"w-grid type_grid layout_877 cols_2 overflow_hidden with_css_animation\" id=\"us_grid_1\" style=\"--gap:1.5rem;\" data-filterable=\"true\"><style>@media (max-width:600px){#us_grid_1 .w-grid-list{margin:0}#us_grid_1 .w-grid-item{width:100%;padding:0;margin-bottom:var(--gap,0px)}}.layout_877 .w-grid-item-h{background:var(--color-content-heading);border-radius:0.3rem;box-shadow:0 0.03rem 0.06rem rgba(0,0,0,0.1),0 0.1rem 0.3rem rgba(0,0,0,0.1);transition-duration:0.3s}.no-touch .layout_877 .w-grid-item-h:hover{box-shadow:0 0.2rem 0.4rem rgba(0,0,0,0.1),0 0.67rem 2rem rgba(0,0,0,0.15);z-index:4}.layout_877 .usg_post_image_1{transition-duration:0.3s;transform-origin:50% 50%;transform:scale(1) translate(0%,0%)}.layout_877 .w-grid-item-h:hover .usg_post_image_1{transform:scale(1.1) translate(0%,0%);opacity:1}.layout_877 .usg_vwrapper_1{position:absolute!important;right:0!important;bottom:0!important;left:0!important;background:linear-gradient(transparent,rgba(30,30,30,0.8))!important;padding:15% 7% 7% 7%!important}.layout_877 .usg_post_taxonomy_1{font-size:10px!important;font-weight:700!important;text-transform:uppercase!important;margin-bottom:0.5rem!important}.layout_877 .usg_post_title_1{color:#fff!important;font-size:1.4rem!important;font-weight:700!important}@media (max-width:600px){.layout_877 .usg_post_title_1{font-size:1.2rem!important}}<\/style><div class=\"w-grid-list\">\t<article class=\"w-grid-item us_animate_fade size_1x1 post-1081 post type-post status-publish format-standard has-post-thumbnail hentry category-kommune\" data-id=\"1081\" style=\"animation-delay:0s\">\r\n\t\t<div class=\"w-grid-item-h\">\r\n\t\t\t\t\t\t<div class=\"w-post-elm post_image usg_post_image_1\"><a href=\"https:\/\/klimawelt.webmind.de\/cms\/projektstart-gemeinde-steinhoering\/\" aria-label=\"Projektstart Gemeinde Steinh\u00f6ring\"><img loading=\"lazy\" decoding=\"async\" width=\"1024\" height=\"596\" src=\"https:\/\/klimawelt.webmind.de\/cms\/wp-content\/uploads\/steinhoering-luftbild-1024x596.jpg\" class=\"attachment-large size-large wp-post-image\" alt=\"\" srcset=\"https:\/\/klimawelt.webmind.de\/cms\/wp-content\/uploads\/steinhoering-luftbild-1024x596.jpg 1024w, https:\/\/klimawelt.webmind.de\/cms\/wp-content\/uploads\/steinhoering-luftbild-300x174.jpg 300w, https:\/\/klimawelt.webmind.de\/cms\/wp-content\/uploads\/steinhoering-luftbild.jpg 1900w\" sizes=\"auto, (max-width: 1024px) 100vw, 1024px\" \/><\/a><\/div><div class=\"w-vwrapper usg_vwrapper_1 align_none valign_top\"><div class=\"w-post-elm post_taxonomy usg_post_taxonomy_1 style_badge color_link_inherit\"><a class=\"w-btn us-btn-style_badge term-65 term-kommune\" href=\"https:\/\/klimawelt.webmind.de\/cms\/category\/kommune\/\"><span class=\"w-btn-label\">Kommune<\/span><\/a><\/div><h2 class=\"w-post-elm post_title usg_post_title_1 has_text_color entry-title color_link_inherit\"><a href=\"https:\/\/klimawelt.webmind.de\/cms\/projektstart-gemeinde-steinhoering\/\">Projektstart Gemeinde Steinh\u00f6ring<\/a><\/h2><\/div>\t\t<\/div>\r\n\t\t\t<\/article>\r\n\t<article class=\"w-grid-item us_animate_fade size_1x1 post-1083 post type-post status-publish format-standard has-post-thumbnail hentry category-app\" data-id=\"1083\" style=\"animation-delay:0.1s\">\r\n\t\t<div class=\"w-grid-item-h\">\r\n\t\t\t\t\t\t<div class=\"w-post-elm post_image usg_post_image_1\"><a href=\"https:\/\/klimawelt.webmind.de\/cms\/app-klima-welt-veroeffentlicht\/\" aria-label=\"App Klima-Welt ver\u00f6ffentlicht\"><img loading=\"lazy\" decoding=\"async\" width=\"1024\" height=\"631\" src=\"https:\/\/klimawelt.webmind.de\/cms\/wp-content\/uploads\/klimawelt-app-1024x631.jpg\" class=\"attachment-large size-large wp-post-image\" alt=\"\" srcset=\"https:\/\/klimawelt.webmind.de\/cms\/wp-content\/uploads\/klimawelt-app-1024x631.jpg 1024w, https:\/\/klimawelt.webmind.de\/cms\/wp-content\/uploads\/klimawelt-app-300x185.jpg 300w, https:\/\/klimawelt.webmind.de\/cms\/wp-content\/uploads\/klimawelt-app.jpg 1319w\" sizes=\"auto, (max-width: 1024px) 100vw, 1024px\" \/><\/a><\/div><div class=\"w-vwrapper usg_vwrapper_1 align_none valign_top\"><div class=\"w-post-elm post_taxonomy usg_post_taxonomy_1 style_badge color_link_inherit\"><a class=\"w-btn us-btn-style_badge term-66 term-app\" href=\"https:\/\/klimawelt.webmind.de\/cms\/category\/app\/\"><span class=\"w-btn-label\">App<\/span><\/a><\/div><h2 class=\"w-post-elm post_title usg_post_title_1 has_text_color entry-title color_link_inherit\"><a href=\"https:\/\/klimawelt.webmind.de\/cms\/app-klima-welt-veroeffentlicht\/\">App Klima-Welt ver\u00f6ffentlicht<\/a><\/h2><\/div>\t\t<\/div>\r\n\t\t\t<\/article>\r\n<\/div><div class=\"w-grid-preloader\">\t<div class=\"g-preloader type_1\">\r\n\t\t<div><\/div>\r\n\t<\/div>\r\n\t<\/div>\t<div class=\"w-grid-json hidden\" onclick='return {&quot;action&quot;:&quot;us_ajax_grid&quot;,&quot;infinite_scroll&quot;:0,&quot;max_num_pages&quot;:1,&quot;pagination&quot;:&quot;infinite&quot;,&quot;template_vars&quot;:{&quot;columns&quot;:&quot;2&quot;,&quot;exclude_items&quot;:&quot;none&quot;,&quot;img_size&quot;:&quot;default&quot;,&quot;ignore_items_size&quot;:0,&quot;items_layout&quot;:&quot;877&quot;,&quot;items_offset&quot;:&quot;1&quot;,&quot;load_animation&quot;:&quot;fade&quot;,&quot;overriding_link&quot;:&quot;%7B%22url%22%3A%22%22%7D&quot;,&quot;post_id&quot;:0,&quot;query_args&quot;:{&quot;post_type&quot;:[&quot;post&quot;],&quot;post_status&quot;:[&quot;publish&quot;,&quot;acf-disabled&quot;],&quot;posts_per_page&quot;:&quot;50&quot;},&quot;orderby_query_args&quot;:{&quot;orderby&quot;:{&quot;date&quot;:&quot;DESC&quot;}},&quot;type&quot;:&quot;grid&quot;,&quot;us_grid_ajax_index&quot;:1,&quot;us_grid_filter_params&quot;:[],&quot;us_grid_index&quot;:1,&quot;_us_grid_post_type&quot;:&quot;post&quot;,&quot;page_args&quot;:[]}}'><\/div>\r\n\t<\/div><\/div><\/div><\/div><\/div><\/div><\/section>\n","protected":false},"excerpt":{"rendered":"Als cleverer und transparenter CO2-Rechner gibt die App \u201eKlima-Welt\u201c einen schnellen \u00dcberblick \u00fcber die pers\u00f6nliche Klimaschutz-Bilanz. Au\u00dferdem bietet sie eine gro\u00dfe Datenbank mit Orientierungsdaten, welche CO2-Emissionen hinter den verschiedensten Produkten und Dienstleistungen stecken. Alle Lebensbereiche sind dabei enthalten: Mobilit\u00e4t, Wohnen, Ern\u00e4hrung, Kleidung &amp; K\u00f6rperpflege sowie das Freizeitverhalten. So kannst du direkt sehen, wie deine Eink\u00e4ufe...","protected":false},"author":1,"featured_media":0,"parent":0,"menu_order":2,"comment_status":"closed","ping_status":"closed","template":"","meta":{"_acf_changed":false,"footnotes":""},"class_list":["post-33","page","type-page","status-publish","hentry"],"acf":[],"_links":{"self":[{"href":"https:\/\/klimawelt.webmind.de\/cms\/wp-json\/wp\/v2\/pages\/33","targetHints":{"allow":["GET"]}}],"collection":[{"href":"https:\/\/klimawelt.webmind.de\/cms\/wp-json\/wp\/v2\/pages"}],"about":[{"href":"https:\/\/klimawelt.webmind.de\/cms\/wp-json\/wp\/v2\/types\/page"}],"author":[{"embeddable":true,"href":"https:\/\/klimawelt.webmind.de\/cms\/wp-json\/wp\/v2\/users\/1"}],"replies":[{"embeddable":true,"href":"https:\/\/klimawelt.webmind.de\/cms\/wp-json\/wp\/v2\/comments?post=33"}],"version-history":[{"count":16,"href":"https:\/\/klimawelt.webmind.de\/cms\/wp-json\/wp\/v2\/pages\/33\/revisions"}],"predecessor-version":[{"id":939,"href":"https:\/\/klimawelt.webmind.de\/cms\/wp-json\/wp\/v2\/pages\/33\/revisions\/939"}],"wp:attachment":[{"href":"https:\/\/klimawelt.webmind.de\/cms\/wp-json\/wp\/v2\/media?parent=33"}],"curies":[{"name":"wp","href":"https:\/\/api.w.org\/{rel}","templated":true}]}}

<section class="l-section wpb_row height_medium color_primary with_video"><div id="us_bg_video_fcd1" class="l-section-video"><script>!function(w){var node = document.getElementById( 'us_bg_video_fcd1' );if ( w.innerWidth <= 600 ) { node.remove() }}(window);</script><style>@media(max-width:600px){#us_bg_video_fcd1{display:none!important}}</style><video  autoplay loop muted playsinline preload="auto"><source type="video/mp4" src="https://klimawelt.webmind.de/cms/wp-content/uploads/2024/02/river3.mp4" /></video></div><div class="l-section-h i-cf"><div class="g-cols vc_row via_flex valign_top type_default stacking_default"><div class="vc_col-sm-12 wpb_column vc_column_container"><div class="vc_column-inner"><div class="wpb_wrapper"><div class="wpb_text_column"><div class="wpb_wrapper"><h1 style="text-align: center;">Aktuelles &amp; Termine</h1>
</div></div></div></div></div></div></div></section><section class="l-section wpb_row height_medium"><div class="l-section-h i-cf"><div class="g-cols vc_row via_flex valign_top type_default stacking_default"><div class="vc_col-sm-12 wpb_column vc_column_container"><div class="vc_column-inner"><div class="wpb_wrapper"><div class="w-grid type_grid layout_877 cols_2 overflow_hidden with_css_animation" id="us_grid_1" style="--gap:1.5rem;" data-filterable="true"><style>@media (max-width:600px){#us_grid_1 .w-grid-list{margin:0}#us_grid_1 .w-grid-item{width:100%;padding:0;margin-bottom:var(--gap,0px)}}.layout_877 .w-grid-item-h{background:var(--color-content-heading);border-radius:0.3rem;box-shadow:0 0.03rem 0.06rem rgba(0,0,0,0.1),0 0.1rem 0.3rem rgba(0,0,0,0.1);transition-duration:0.3s}.no-touch .layout_877 .w-grid-item-h:hover{box-shadow:0 0.2rem 0.4rem rgba(0,0,0,0.1),0 0.67rem 2rem rgba(0,0,0,0.15);z-index:4}.layout_877 .usg_post_image_1{transition-duration:0.3s;transform-origin:50% 50%;transform:scale(1) translate(0%,0%)}.layout_877 .w-grid-item-h:hover .usg_post_image_1{transform:scale(1.1) translate(0%,0%);opacity:1}.layout_877 .usg_vwrapper_1{position:absolute!important;right:0!important;bottom:0!important;left:0!important;background:linear-gradient(transparent,rgba(30,30,30,0.8))!important;padding:15% 7% 7% 7%!important}.layout_877 .usg_post_taxonomy_1{font-size:10px!important;font-weight:700!important;text-transform:uppercase!important;margin-bottom:0.5rem!important}.layout_877 .usg_post_title_1{color:#fff!important;font-size:1.4rem!important;font-weight:700!important}@media (max-width:600px){.layout_877 .usg_post_title_1{font-size:1.2rem!important}}</style><div class="w-grid-list">	<article class="w-grid-item us_animate_fade size_1x1 post-1081 post type-post status-publish format-standard has-post-thumbnail hentry category-kommune" data-id="1081" style="animation-delay:0s">
		<div class="w-grid-item-h">
						<div class="w-post-elm post_image usg_post_image_1"><a href="https://klimawelt.webmind.de/cms/projektstart-gemeinde-steinhoering/" aria-label="Projektstart Gemeinde Steinhöring"><img loading="lazy" decoding="async" width="1024" height="596" src="https://klimawelt.webmind.de/cms/wp-content/uploads/steinhoering-luftbild-1024x596.jpg" class="attachment-large size-large wp-post-image" alt="" srcset="https://klimawelt.webmind.de/cms/wp-content/uploads/steinhoering-luftbild-1024x596.jpg 1024w, https://klimawelt.webmind.de/cms/wp-content/uploads/steinhoering-luftbild-300x174.jpg 300w, https://klimawelt.webmind.de/cms/wp-content/uploads/steinhoering-luftbild.jpg 1900w" sizes="auto, (max-width: 1024px) 100vw, 1024px" /></a></div><div class="w-vwrapper usg_vwrapper_1 align_none valign_top"><div class="w-post-elm post_taxonomy usg_post_taxonomy_1 style_badge color_link_inherit"><a class="w-btn us-btn-style_badge term-65 term-kommune" href="https://klimawelt.webmind.de/cms/category/kommune/"><span class="w-btn-label">Kommune</span></a></div><h2 class="w-post-elm post_title usg_post_title_1 has_text_color entry-title color_link_inherit"><a href="https://klimawelt.webmind.de/cms/projektstart-gemeinde-steinhoering/">Projektstart Gemeinde Steinhöring</a></h2></div>		</div>
			</article>
	<article class="w-grid-item us_animate_fade size_1x1 post-1083 post type-post status-publish format-standard has-post-thumbnail hentry category-app" data-id="1083" style="animation-delay:0.1s">
		<div class="w-grid-item-h">
						<div class="w-post-elm post_image usg_post_image_1"><a href="https://klimawelt.webmind.de/cms/app-klima-welt-veroeffentlicht/" aria-label="App Klima-Welt veröffentlicht"><img loading="lazy" decoding="async" width="1024" height="631" src="https://klimawelt.webmind.de/cms/wp-content/uploads/klimawelt-app-1024x631.jpg" class="attachment-large size-large wp-post-image" alt="" srcset="https://klimawelt.webmind.de/cms/wp-content/uploads/klimawelt-app-1024x631.jpg 1024w, https://klimawelt.webmind.de/cms/wp-content/uploads/klimawelt-app-300x185.jpg 300w, https://klimawelt.webmind.de/cms/wp-content/uploads/klimawelt-app.jpg 1319w" sizes="auto, (max-width: 1024px) 100vw, 1024px" /></a></div><div class="w-vwrapper usg_vwrapper_1 align_none valign_top"><div class="w-post-elm post_taxonomy usg_post_taxonomy_1 style_badge color_link_inherit"><a class="w-btn us-btn-style_badge term-66 term-app" href="https://klimawelt.webmind.de/cms/category/app/"><span class="w-btn-label">App</span></a></div><h2 class="w-post-elm post_title usg_post_title_1 has_text_color entry-title color_link_inherit"><a href="https://klimawelt.webmind.de/cms/app-klima-welt-veroeffentlicht/">App Klima-Welt veröffentlicht</a></h2></div>		</div>
			</article>
</div><div class="w-grid-preloader">	<div class="g-preloader type_1">
		<div></div>
	</div>
	</div>	<div class="w-grid-json hidden" onclick='return {&quot;action&quot;:&quot;us_ajax_grid&quot;,&quot;infinite_scroll&quot;:0,&quot;max_num_pages&quot;:1,&quot;pagination&quot;:&quot;infinite&quot;,&quot;template_vars&quot;:{&quot;columns&quot;:&quot;2&quot;,&quot;exclude_items&quot;:&quot;none&quot;,&quot;img_size&quot;:&quot;default&quot;,&quot;ignore_items_size&quot;:0,&quot;items_layout&quot;:&quot;877&quot;,&quot;items_offset&quot;:&quot;1&quot;,&quot;load_animation&quot;:&quot;fade&quot;,&quot;overriding_link&quot;:&quot;%7B%22url%22%3A%22%22%7D&quot;,&quot;post_id&quot;:0,&quot;query_args&quot;:{&quot;post_type&quot;:[&quot;post&quot;],&quot;post_status&quot;:[&quot;publish&quot;,&quot;acf-disabled&quot;],&quot;posts_per_page&quot;:&quot;50&quot;},&quot;orderby_query_args&quot;:{&quot;orderby&quot;:{&quot;date&quot;:&quot;DESC&quot;}},&quot;type&quot;:&quot;grid&quot;,&quot;us_grid_ajax_index&quot;:1,&quot;us_grid_filter_params&quot;:[],&quot;us_grid_index&quot;:1,&quot;_us_grid_post_type&quot;:&quot;post&quot;,&quot;page_args&quot;:[]}}'></div>
	</div></div></div></div></div></div></section>

Als cleverer und transparenter CO2-Rechner gibt die App „Klima-Welt“ einen schnellen Überblick über die persönliche Klimaschutz-Bilanz. Außerdem bietet sie eine große Datenbank mit Orientierungsdaten, welche CO2-Emissionen hinter den verschiedensten Produkten und Dienstleistungen stecken. Alle Lebensbereiche sind dabei enthalten: Mobilität, Wohnen, Ernährung, Kleidung &amp; Körperpflege sowie das Freizeitverhalten. So kannst du direkt sehen, wie deine Einkäufe...
